y(d) = -9*d + 11. What is y(4)?
-25
Let y(m) = 33*m**2 - 3*m + 2. Give y(1).
32
Let d(v) = v**3 - 7*v**2 + v - 10. Calculate d(7).
-3
Let v(c) = -2*c**2 + c + 2. Calculate v(3).
-13
Let i(t) = 6*t + 50. Determine i(-8).
2
Let x(b) = -3*b**3 + 2*b**2 - 2*b - 2. What is x(-1)?
5
Let u(n) = n**2 + 8*n + 1. Calculate u(-8).
1
Let r(p) = -p**2 - 18*p + 33. Give r(-19).
14
Let u(g) = -4*g + 23. What is u(7)?
-5
Let q(n) = -22*n - 1. Give q(-1).
21
Let l(x) = -4*x**2 - 4*x + 1. What is l(3)?
-47
Let d(a) = 5*a**3 + 2*a**2 - 2*a + 2. Give d(2).
46
Let n(x) = -x**3 - 6*x**2 + 7*x + 1. Calculate n(-7).
1
Let f(s) = 3*s**3 + 9*s + 10. Determine f(-1).
-2
Let h(n) = n**3 - 10*n - 3. Determine h(-3).
0
Let x(g) = g**3 + 20*g**2 + 1. Give x(-20).
1
Let g(k) = k**3 - 13*k**2 - k + 20. Calculate g(12).
-136
Let y(p) = -2*p**3 + 2*p**2 - 4*p + 3. Give y(2).
-13
Let s(o) = 3*o - 8. Give s(-1).
-11
Let r(n) = -4*n - 13. Give r(-2).
-5
Let m(g) = -3*g**2 + 19*g - 24. Give m(5).
-4
Let u(n) = -n**3 + 26*n**2 + 84*n + 98. Determine u(29).
11
Let i(s) = -s**2 - 2*s + 12. Give i(-6).
-12
Let b(j) = -5*j**2 + 4*j - 6. Determine b(3).
-39
Let p(l) = -l**2 + 14*l - 12. What is p(10)?
28
Let k(g) = 2*g**3 - 10*g - 1. Give k(3).
23
Let y(f) = -4*f - 106. What is y(-25)?
-6
Let t(h) = 22*h + 660. Calculate t(-30).
0
Let r(s) = s**2. Give r(-2).
4
Let v(z) = -2*z**2 + 19*z + 25. Determine v(11).
-8
Let u(j) = j - 3. Give u(4).
1
Let p(z) = 15*z**3 + 1. Determine p(-1).
-14
Let b(a) = a**2 - a + 6. Determine b(4).
18
Let f(o) = 21*o**2 + 15*o + 15. What is f(-1)?
21
Let r(a) = -a**3 + 6*a**2 + a - 8. What is r(5)?
22
Let k(o) = o - 12. Calculate k(7).
-5
Let z(j) = -j**3 - 19*j**2 + 17*j - 41. Give z(-20).
19
Let u(j) = -j**2 - 7*j - 8. Give u(-6).
-2
Let n(z) = -4*z**2 + 44*z + 3. Calculate n(8).
99
Let i(r) = 3*r - 196. Calculate i(28).
-112
Let w(i) = 5*i + 3. What is w(-3)?
-12
Let q(o) = -o**2 + 2*o + 3. Calculate q(5).
-12
Let r(n) = 3*n - 3. Calculate r(5).
12
Let l(c) = c**2 - 2*c - 32. Determine l(-6).
16
Let x(h) = h**2 - 3*h - 7. Determine x(-4).
21
Let u(z) = z**3 - 3*z**2 - 5*z. Determine u(4).
-4
Let s(y) = 4*y - 4. Give s(-6).
-28
Let p(h) = -2*h**3 + 2*h**2 + 4*h + 4. What is p(-2)?
20
Let z(r) = -2*r**2 - 16*r - 42. Calculate z(-7).
-28
Let o(j) = -j**3 + 13*j**2 - 13*j + 4. Determine o(12).
-8
Let t(o) = -o**3 + 7*o**2 - 9*o + 8. What is t(6)?
-10
Let w(k) = k**2 + 7*k. Give w(-7).
0
Let z(m) = m**3 + 5*m**2 + 3*m. Determine z(-3).
9
Let u(m) = -10*m + 172. Determine u(18).
-8
Let n(a) = -a**3 - 11*a**2 + 9*a + 18. Give n(-12).
54
Let d(j) = j**3 + 6*j**2 + j + 5. Give d(-5).
25
Let q(b) = b**3 + 15*b**2 - 16. Determine q(-15).
-16
Let v(k) = 7*k**2 + 6*k - 8. Determine v(2).
32
Let g(d) = -3*d**2 - 56*d + 30. Determine g(-19).
11
Let m(x) = 2*x**2 + 20*x + 1. Determine m(-8).
-31
Let k(x) = 2*x**2 + 15*x + 6. Calculate k(-11).
83
Let f(h) = -35*h - 66. What is f(-2)?
4
Let z(g) = -11*g**2 + 3*g - 1. Calculate z(2).
-39
Let b(y) = 5*y - 9. What is b(-14)?
-79
Let y(k) = -10*k - 11. Determine y(-8).
69
Let o(t) = -3*t + 22. Determine o(11).
-11
Let n(c) = -c**2 - 18*c - 17. Give n(-19).
-36
Let t(a) = -a**2 - 5*a + 6. Calculate t(-6).
0
Let c(d) = 12*d - 44. Give c(5).
16
Let v(o) = -o**2 - 18*o + 25. Give v(-19).
6
Let a(f) = 4*f**3 - 3*f**2 + 5. Calculate a(-3).
-130
Let m(l) = 2*l**2 - 4*l - 4. Determine m(4).
12
Let b(q) = -q + 11. Calculate b(7).
4
Let d(z) = 2*z**2 - 3*z + 3. Give d(1).
2
Let g(f) = -f**3 - 4*f**2 + 6*f + 15. Give g(-5).
10
Let d(j) = 2*j - 15. Calculate d(10).
5
Let o(n) = -4*n + 112. Calculate o(29).
-4
Let w(p) = -p**3 - 13*p**2 - 25*p - 28. Determine w(-11).
5
Let k(u) = -6*u + 60. Give k(11).
-6
Let x(a) = a**3 - 4*a**2 - 9*a + 6. Calculate x(6).
24
Let o(b) = 4*b**3 - 118*b**2 - 59*b - 29. Give o(30).
1
Let q(v) = -v**3 + 2*v**2 + 2*v + 91. Determine q(0).
91
Let o(c) = -c**2 - 8*c + 56. Calculate o(-13).
-9
Let u(s) = -s**2 + 17*s - 11. Calculate u(16).
5
Let i(t) = -t**2 + 12*t + 6. Give i(10).
26
Let f(j) = -j**2 - 2*j - 6. Give f(-5).
-21
Let o(x) = -x + 13. Determine o(7).
6
Let o(t) = t**3 + 18*t**2 + 16*t - 11. Calculate o(-17).
6
Let b(f) = -f**3 - 4*f**2 + 7*f + 7. Give b(-5).
-3
Let h(b) = -b**3 + 8*b**2 + 2*b - 14. What is h(8)?
2
Let v(w) = 2*w + 7. Determine v(-9).
-11
Let i(w) = -w**2 - 52*w + 280. Determine i(-57).
-5
Let w(q) = -5*q + 18. What is w(4)?
-2
Let c(o) = -10*o + 9. What is c(7)?
-61
Let w(g) = -2*g**2 + 15*g + 16. Give w(7).
23
Let s(n) = 2*n**2 - 9. Give s(4).
23
Let z(q) = 3*q**2 + q - 21. Determine z(0).
-21
Let t(f) = f**2 - 10*f + 1. Calculate t(11).
12
Let k(n) = -10*n + 7. What is k(2)?
-13
Let h(t) = -t**3 + t**2 - 1. Give h(1).
-1
Let h(r) = 5*r + 6. Calculate h(-2).
-4
Let v(d) = -d**2 + 25*d + 15. Calculate v(0).
15
Let h(p) = 22*p**3 + 3*p**2 - 2. What is h(1)?
23
Let c(n) = -n**2 - 10*n - 8. Determine c(-7).
13
Let h(p) = p**2 + 4*p - 2. What is h(-8)?
30
Let z(y) = -8*y - 47. Give z(-3).
-23
Let h(z) = -3*z - 19. What is h(-6)?
-1
Let a(v) = v**2 - 8*v - 2. Determine a(6).
-14
Let s(m) = -m**2 + 4*m - 2. What is s(7)?
-23
Let h(t) = 4*t**2 - 1. Give h(1).
3
Let f(o) = 24*o**2 + 4*o + 13. Give f(-2).
101
Let l(b) = 2*b**3 - 2*b**2 - 3*b + 3. Determine l(0).
3
Let n(r) = -r**2 - 16*r - 11. Calculate n(-16).
-11
Let l(q) = -4*q - 3. What is l(-2)?
5
Let r(a) = -22*a + 165. Calculate r(7).
11
Let x(p) = -p**2 - 3*p + 4. What is x(-5)?
-6
Let i(f) = f**3 - 2*f**2 + 5*f + 3. Determine i(-3).
-57
Let h(m) = -6*m - 7. What is h(-5)?
23
Let f(w) = -w + 2. Calculate f(-8).
10
Let o(z) = 2*z**2 - z. Determine o(-3).
21
Let l(v) = 3*v**2 - 34*v + 6. Determine l(11).
-5
Let p(l) = -l**2 - l - 2. Calculate p(-2).
-4
Let u(l) = -2*l**2 - 18*l + 1. Determine u(-9).
1
Let b(o) = -o**2 - 13*o + 44. Determine b(-16).
-4
Let y(a) = a**3 + 6*a**2 + 2*a - 6. What is y(-5)?
9
Let f(w) = -w**2 - 6*w - 7. Determine f(-4).
1
Let x(t) = -t**2 + 8*t + 5. What is x(14)?
-79
Let t(i) = -i**3 - 7*i**2 - 2*i - 6. What is t(-7)?
8
Let m(q) = -6*q - 15. Calculate m(-2).
-3
Let g(a) = -a**2 + a - 43. Give g(0).
-43
Let y(l) = l**3 - 5*l**2 - 3*l. Give y(5).
-15
Let l(h) = h**2 - 67*h + 536. What is l(58)?
14
Let l(b) = -b**3 + 3*b - 2. What is l(-3)?
16
Let c(i) = 8*i + 18. Determine c(6).
66
Let q(d) = d**3 - 13*d**2 - 13*d + 9. Give q(13).
-160
Let i(u) = u**3 - u**2 + 23*u - 82. Calculate i(3).
5
Let c(p) = -14*p + 238. Give c(17).
0
Let f(c) = -14*c - 655. Determine f(-47).
3
Let b(w) = 2*w + 20. What is b(0)?
20
Let l(i) = -i**2 + 118. Determine l(-11).
-3
Let w(z) = -z**3 - z + 10. What is w(0)?
10
Let a(v) = 2*v**3 + v + 8. What is a(3)?
65
Let n(j) = j**2 + 69*j + 999. Calculate n(-21).
-9
Let c(k) = -3*k**2 + 3. Determine c(2).
-9
Let i(y) = 2*y**3 - 6*y**2 - 14*y + 5. Give i(-3).
-61
Let f(n) = n**2 - 6*n + 20. Determine f(5).
15
Let x(f) = -7*f**2 + 2*f. Calculate x(-2).
-32
Let j(v) = 19*v**2 - v. Calculate j(1).
18
Let u(l) = l**2 - 17*l + 34. Give u(15).
4
Let s(r) = r**2 + 11*r + 12. Give s(-9).
-6
Let u(f) = f**2 + 5*f - 18. Determine u(-8).
6
Let j(t) = t**3 - 10*t**2 - 2*t + 17. Give j(10).
-3
Let q(d) = 4*d + 6. What is q(-1)?
2
Let v(f) = -f**2 - 5*f - 3. Determine v(-3).
3
Let j(v) = -v**3 - 13*v**2 - 22*v - 10. Give j(-11).
-10
Let i(w) = -51*w + 98. Determine i(2).
-4
Let n(m) = m**3 + 13*m**2 + 22*m - 5. Determine n(-11).
-5
Let q(f) = -f**3 + 12*f**2 + 28*f + 1. What is q(14)?
1
Let b(u) = 2*u**2 + 4*u - 30. Give b(-6).
18
Let v(b) = b**2 - 8*b - 24. Give v(10).
-4
Let y(k) = -3*k**3 + 2*k**2 - k - 1. Calculate y(2).
-19
Let z(i) = i - 21. What is z(0)?
-21
Let b(a) = a**2 - 10*a + 8. What is b(7)?
-13
Let k(a) = -15*a - 303. Give k(-20).
-3
Let p(a) = -a**3 + 10*a**2 + 2*a - 8. Give p(10).
12
Let c(d) = 2*d - 44. Calculate c(21).
-2
Let g(t) = -t**3 + 12*t**2 - 9*t + 21. Give g(11).
43
Let f(b) = b**3 + 5*b**2 - 2*b - 12. Determine f(-2).
4
Let n(f) = -f**2 - 21*f - 1. Determine n(-12).
107
Let l(h) = h**3 + 12*h**2 - 3*h - 38. Give l(-12).
-2
Let n(z) = -3*z + 52. Determine n(17).
1
Let p(k) = -k + 4. What is p(-5)?
9
Let x(b) = b**2 - 12*b + 56. Determine x(9).
29
Let i(v) = -10*v - 54. Determine i(-4).
-14
Let r(n) = -n**3 + 7*n**2 - 4*n + 2. Calculate r(6).
14
Let n(w) = -w**3 - 6*w**2 - 